4. What is b(44)?
-104
Let h(z) = -133*z - 53729. Give h(-404).
3
Let u(z) = 365*z - 14958. Give u(41).
7
Let k(p) = p**2 - 396*p + 3479. Give k(9).
-4
Let i(k) = 57*k + 508. Give i(-9).
-5
Let o(q) = 438*q - 32. Give o(0).
-32
Let c(g) = -2*g**2 + 117*g - 376. Determine c(55).
9
Let p(h) = -2*h**3 - 10*h**2 + 4*h - 32. Determine p(-5).
-52
Let j(s) = -55*s - 35. Determine j(4).
-255
Let b(g) = g**3 - 14*g**2 - 52*g + 44. Give b(17).
27
Let x(g) = g**3 - 41*g**2 - 263*g + 5. Calculate x(-7).
-506
Let f(q) = q**2 - 166*q - 2185. Calculate f(-12).
-49
Let m(t) = 6*t + 110. What is m(16)?
206
Let t(k) = -k**3 - 24*k**2 + 21*k - 78. Give t(-25).
22
Let p(o) = -o**3 + 9*o**2 + 79*o - 651. Give p(9).
60
Let g(w) = 12*w**2 + 237*w - 325. Give g(-21).
-10
Let z(j) = 57*j + 5420. Calculate z(-95).
5
Let m(g) = g - 3. Determine m(4).
1
Let v(u) = -4*u**3 - 520*u**2 + 3*u + 399. What is v(-130)?
9
Let q(g) = -26*g - 807. Calculate q(-19).
-313
Let t(b) = -b**2 - 64*b + 2703. Give t(-93).
6
Let r(p) = -77*p**2 - 399*p - 1. Determine r(-4).
363
Let k(f) = -f**3 - 9*f**2 + 23*f + 47. What is k(-11)?
36
Let l(u) = 2*u**2 - 25*u + 126. What is l(7)?
49
Let c(i) = 80*i + 5348. Calculate c(-67).
-12
Let s(t) = -203*t - 7919. Determine s(-39).
-2
Let v(q) = 163*q - 612. Determine v(5).
203
Let f(l) = -2*l**3 - 27*l**2 - 11*l + 15. Determine f(-13).
-11
Let u(g) = -g**3 + 22*g**2 + 90*g - 985. Determine u(24).
23
Let u(h) = 2*h**2 - 232*h - 10. Calculate u(116).
-10
Let q(u) = 11*u**3 + 3*u**2 + 12*u + 14. Calculate q(3).
374
Let x(v) = -v**2 - 54*v - 148. Give x(-51).
5
Let d(m) = 3*m**2 + 37*m - 2. Calculate d(-12).
-14
Let c(o) = -23*o - 848. Calculate c(-37).
3
Let o(y) = -4*y**2 + 3493*y + 14030. What is o(-4)?
-6
Let w(c) = -765*c**3 + 2296*c**2 - 5*c + 5. Calculate w(3).
-1
Let b(r) = -14*r**2 - 51*r + 86. Calculate b(-5).
-9
Let m(q) = 486*q + 18930. Calculate m(-39).
-24
Let s(k) = 79*k**2 + 9*k + 1. What is s(0)?
1
Let v(p) = -p**3 + 10*p**2 + 31*p + 22. What is v(-6)?
412
Let b(l) = 2*l**2 + 97*l + 1168. Give b(-26).
-2
Let y(j) = -8*j**2 + 717*j - 456. Give y(89).
-11
Let g(u) = -18*u + 340. Calculate g(16).
52
Let w(t) = -15*t + 740. What is w(59)?
-145
Let p(o) = -2*o**3 + 17*o**2 - 13*o - 100. Give p(10).
-530
Let q(m) = 23*m**2 + 850*m + 71. Calculate q(-37).
108
Let w(h) = -5*h**3 + 13*h**2 - 20*h - 4. Determine w(2).
-32
Let i(o) = 20*o**2 + 35*o - 998. Determine i(-8).
2
Let k(y) = -7*y**2 - 28*y + 1. Give k(3).
-146
Let q(w) = -w**3 - 4*w**2 + 87*w - 208. Determine q(5).
2
Let x(k) = k**2 - 183*k + 6731. Give x(51).
-1
Let g(w) = 630*w + 97008. Calculate g(-154).
-12
Let j(h) = -166*h + 1013. Calculate j(6).
17
Let v(d) = -d - 27. Determine v(-11).
-16
Let a(n) = -578*n - 3302. Determine a(-6).
166
Let c(y) = -2*y**3 + 10*y**2 + 12*y - 17. What is c(6)?
-17
Let d(f) = 2*f**2 + 35*f - 251. What is d(-23)?
2
Let d(n) = -n**2 - 78*n - 1459. What is d(-32)?
13
Let h(u) = 3*u**3 - 29*u**2 - 9*u + 62. Calculate h(10).
72
Let u(c) = 167*c - 11832. What is u(71)?
25
Let t(i) = -99*i + 1094. Give t(11).
5
Let c(o) = -24*o**2 - 150*o + 68. Determine c(-5).
218
Let r(h) = h**3 - 9*h**2 - 13*h + 108. What is r(8)?
-60
Let k(h) = -4290*h + 47188. Determine k(11).
-2
Let g(m) = -11*m - 194. What is g(0)?
-194
Let z(i) = -i**2 - 425*i - 8853. What is z(-22)?
13
Let u(b) = 16*b**2 + 154*b - 52. Calculate u(-10).
8
Let v(q) = 21*q**3 - 56*q**2 - 49*q + 70. What is v(3)?
-14
Let o(y) = y**3 - 41*y**2. Calculate o(41).
0
Let r(b) = -3*b**2 + 47*b - 134. Determine r(12).
-2
Let d(n) = -3*n**3 - 99*n**2 + 1793*n - 53. Calculate d(-46).
-7
Let z(j) = -j**3 + 12*j**2 - 94*j + 295. Give z(5).
0
Let z(r) = 69*r + 1242. Calculate z(-18).
0
Let d(z) = 5*z + 322. Determine d(-62).
12
Let h(k) = -55*k + 47. What is h(3)?
-118
Let j(o) = -7*o**2 + 153*o + 30. Determine j(22).
8
Let a(h) = -2*h**3 + 50*h**2 - 47*h - 18. What is a(24)?
6
Let g(i) = -22*i + 247. What is g(7)?
93
Let m(o) = o**2 + 1721*o - 10366. Give m(6).
-4
Let c(o) = -o**3 - 34*o**2 + 135*o + 2266. Give c(-36).
-2
Let o(b) = -105*b + 901. Calculate o(8).
61
Let z(d) = 181*d - 15871. Determine z(88).
57
Let q(y) = -107*y + 4390. Determine q(41).
3
Let g(f) = -328*f - 266. What is g(0)?
-266
Let i(j) = -j**3 + 10*j**2 - 3*j - 119. What is i(7)?
7
Let g(l) = 2*l**2 + 54*l + 284. Give g(-6).
32
Let h(p) = -3*p**2 - 35*p + 40. Give h(-13).
-12
Let d(w) = -w**2 - 55*w + 546. Calculate d(-65).
-104
Let j(d) = -d**3 + 15*d**2 - 58*d + 57. Calculate j(8).
41
Let b(a) = 20*a**2 - 61*a + 63. Determine b(1).
22
Let x(z) = 31*z + 1811. Calculate x(-59).
-18
Let p(y) = -y**3 + 9*y**2 + 95*y - 65. Give p(15).
10
Let o(r) = -r**3 + 19*r**2 - 50*r + 266. Give o(17).
-6
Let s(b) = 15*b - 1213. Calculate s(70).
-163
Let a(q) = -174*q**2 + 541*q + 9. What is a(3)?
66
Let z(k) = k**3 - 28*k**2 - 136*k - 13. What is z(32)?
-269
Let t(b) = b**2 - 4*b + 17. Give t(12).
113
Let x(n) = -4*n - 118. Calculate x(-19).
-42
Let c(g) = -2*g**3 - 26*g**2 - 42*g - 16. Give c(-11).
-38
Let z(q) = q**2 - 6*q - 158. Determine z(-9).
-23
Let q(n) = n**3 + 56*n**2 - 176*n - 146. What is q(-59)?
-205
Let x(g) = 122*g**2 + 38*g + 43. Calculate x(-1).
127
Let q(k) = -5201*k - 83206. What is q(-16)?
10
Let l(n) = n**3 + 5*n**2 + 32*n + 239. What is l(-6)?
11
Let j(l) = 3*l**2 - 3*l - 64. Calculate j(-4).
-4
Let b(o) = -143*o + 840. Determine b(6).
-18
Let h(q) = 37*q + 3107. Determine h(-84).
-1
Let z(u) = -6*u**2 - 92*u + 37. Determine z(-16).
-27
Let d(q) = 673*q + 16824. Calculate d(-25).
-1
Let t(j) = -14*j**2 + 40*j - 42. Give t(1).
-16
Let j(r) = 474*r + 34122. Determine j(-72).
-6
Let b(q) = q**3 + 31*q**2 + 55*q + 814. Give b(-30).
64
Let t(o) = -23*o + 104. What is t(10)?
-126
Let c(a) = -2*a**3 + 11*a**2 + 27*a - 33. Determine c(7).
9
Let c(l) = 100*l - 3204. Determine c(32).
-4
Let f(l) = 6*l**3 + 60*l**2 - 4*l + 1. Determine f(-10).
41
Let m(n) = 2*n**2 + 150*n - 7698. Give m(35).
2
Let u(t) = 145*t**3 + 5*t**2 - 8*t + 3. Give u(1).
145
Let g(l) = 100*l + 942. What is g(-7)?
242
Let i(r) = 2*r + 244. Give i(8).
260
Let p(f) = 7*f + 35. What is p(2)?
49
Let j(z) = -2206*z - 5. Give j(0).
-5
Let z(f) = -164*f - 5. Give z(2).
-333
Let t(k) = k**2 - 29*k - 331. Give t(-10).
59
Let o(f) = f**3 - 37*f**2 + 72*f - 100. Calculate o(35).
-30
Let g(u) = -u**2 - 7*u - 5. What is g(-2)?
5
Let l(p) = -9*p**3 - 128*p**2 - 4*p + 143. Calculate l(-14).
-193
Let q(m) = 3*m**3 + 17*m**2 + 36*m. Calculate q(-2).
-28
Let c(r) = 76*r + 1971. Determine c(-26).
-5
Let v(t) = 5*t**3 - 21*t**2 - 18*t + 94. What is v(4)?
6
Let i(f) = 3*f**2 - 68*f + 380. What is i(13)?
3
Let w(t) = t**3 - 5*t**2 - 4*t - 12. Calculate w(7).
58
Let p(l) = -31*l + 166. Calculate p(9).
-113
Let h(i) = i**3 - 61*i**2 + 282*i + 108. What is h(56)?
220
Let d(c) = c**2 + 14*c - 303. Calculate d(-26).
9
Let s(o) = -o**3 - 6*o**2 + 13*o + 34. Determine s(-7).
-8
Let i(t) = -t**2 - 333*t - 18802. What is i(-72)?
-10
Let b(f) = -2*f**3 - 32*f**2 + 92*f + 978. Give b(-17).
-8
Let b(x) = x**2 + 48*x + 135. What is b(-41)?
-152
Let g(i) = -9*i**2 - 45*i - 204. What is g(-4)?
-168
Let p(z) = 138*z**2 - 22*z + 21. Give p(1).
137
Let k(g) = 40*g - 8761. Give k(219).
-1
Let u(t) = -t**3 + 4*t**2 + 4*t + 28. Determine u(0).
28
Let s(j) = -2*j**2 + 58*j - 89. Calculate s(31).
-213
Let l(t) = 33*t + 3101. Determine l(-94).
-1
Let m(j) = -472*j + 30674. What is m(65)?
-6
Let k(a) = 7*a**3 + 298*a**2 + 1320*a + 21. Calculate k(-5).
-4
Let f(r) = -112*r**2 - 775*r + 1. Calculate f(-7).
-62
Let w(i) = -207*i + 1425. Give w(7).
-24
Let b(j) = -18*j**2 - 33*j - 64. Calculate b(-3).
-127
Let f(u) = -u**2 - 343*u + 34867. Determine f(82).
17
Let n(z) = -122*z + 355. Determine n(3).
-11
Let m(i) = -336*i + 1325. Calculate m(4).
-19
Let w(l) = -2*l**3 + 50*l**2 + 2*l - 56. Determine w(25).
-6
Let s(z) = 4*z**3 - 5*z**2 - 4. Calculate s(4).
172
Let o(c) = 12*c + 66. Determine o(-3).
30
Let i(c) = 2*c**3 + 46*c**2 + 79*c - 8. Give i(-21).
97
Let o(m) = -m**2 - 22*m - 76. Calculate o(-16).
20
Let b(p) = -8*p**3 - 2*p**2 - 4*p + 8. Calculate b(2).
-72
Let u(i) = 17*i**3 - 5*i**2 - 8*i + 14. What is u(1)?
18
Let p(a) = -a**3 + 23*a**2 - 3*a - 25. What is p(23)?
-94
Let b(g) = g**3 + 8*g**2 - 14*g - 32. Give b(